 + -213. What is the tens digit of k?
1
Let v(f) = 137*f**2 + 82*f + 28. What is the thousands digit of v(-7)?
6
Let z(q) = -14*q**2 - 8*q + 8. Let i be z(6). Let m = i - -862. What is the tens digit of m?
1
What is the hundreds digit of 4/(-7) - (-8 - 347490/42)?
2
Let f(t) = 12*t + 24. Let i be f(-8). Let r = i - -491. What is the tens digit of r?
1
Suppose -5*t = -0*t - 82948 + 17873. What is the thousands digit of t?
3
What is the tens digit of (90/150)/((-3)/(-20105))?
2
Suppose 0 = -36*i - 94*i + 1032460. What is the hundreds digit of i?
9
Suppose 11*o = -3*y + 7*o - 11, -5*y - o + 10 = 0. Suppose 296 = c - 6*w + y*w, 2*c = w + 597. What is the tens digit of c?
9
Let a(h) = -h**3 + 5*h**2 + 9*h - 54. Let f be a(6). What is the units digit of (9/f)/(3/(-4164))?
7
Suppose -5*t + 7 = -3. Suppose -2*s - t = -m, -3*m + 0*s - 2*s = -46. What is the tens digit of m/(-9) - (-628)/12?
5
What is the units digit of (-10524)/(-8)*((-119)/(-21) - 5)?
7
Suppose 2*s + 1312 = -3*r, -4*s - 4*r = -0*r + 2620. Let y be -2*(s + 4) - -2. What is the units digit of 2/(-9) + y/18?
2
What is the hundreds digit of 14/(-315)*5*(-11 - -2) + 2457?
4
Suppose 0 = 3*d + 5*a - 147099, -221*d + 222*d + 3*a = 49029. What is the ten thousands digit of d?
4
Suppose 50*d = 94*d - 411268. What is the tens digit of d?
4
Let x = -22894 - -37035. What is the ten thousands digit of x?
1
Let o be (-26)/(-13) + (51 - (-1)/(-1)). Let p = 151 + o. What is the tens digit of p?
0
Suppose 99*d + 168 = 95*d. Let n = -41 - d. Let h(y) = 3*y**3 + y - 1. What is the units digit of h(n)?
3
Suppose 215*g - 288485 = 65915 + 429705. What is the thousands digit of g?
3
Suppose -w + 4*w = 6. Let z be (-62)/(w*(-3 - -4)). Let l = 77 + z. What is the units digit of l?
6
Let m = 181 - 177. Suppose -2920 = m*b - 12*b. What is the hundreds digit of b?
3
Let r = -62591 - -91636. What is the tens digit of r?
4
Suppose -5 = 5*z - 30. Suppose -2*q + 737 = -0*q - 3*r, 0 = z*q - 4*r - 1860. What is the hundreds digit of q?
3
Let w be (-10)/(-5)*-3 - -481. Suppose 4*t - 18 = -4*j + 362, 5*t - 4*j - w = 0. What is the units digit of t?
5
Let p = -353 + 195. Let o = 240 + p. What is the units digit of o?
2
Let i = 200 - 200. Suppose i = 3*j + 4*x - 38, 3*j - 5*x - 25 = 22. What is the tens digit of j?
1
Suppose -108*n - 167*n = -105*n - 7006890. What is the ten thousands digit of n?
4
Let l = -1699 - -2891. Let k = -544 + l. What is the units digit of k?
8
Let c(i) be the third derivative of i**5/30 + i**4/24 + 176*i**3 - 3*i**2. Let a be c(0). What is the tens digit of a/28 - 4/(-14)?
3
Suppose -5*c - l + 25 = -2*c, l = -5*c + 41. Let u(d) = 11*d**2 - 37*d - 35. What is the hundreds digit of u(c)?
3
Let d(l) = l**2 - 3*l - 2. Let v be d(3). What is the tens digit of (v/7)/(2/(-14)) - -188?
9
What is the hundreds digit of (2 - (-1 - -2))/((-64)/(-360256))?
6
What is the ten thousands digit of 32443 + ((-42)/(-30))/(2 - (-63)/(-35))?
3
Suppose 129376 + 335223 = 12*h - 293549. What is the units digit of h?
9
Let m = -425 - -430. What is the tens digit of 390/(-325) - (-2391)/m?
7
Let n(s) = 6*s**3 - 29*s**2 - s + 33. Let r(q) = q**2 - 3. Let c(v) = n(v) + r(v). What is the tens digit of c(8)?
0
Let a = 77 + -71. Suppose -5*x = -7*x + a. Suppose -4*n - s + 168 = -3*n, 0 = n - x*s - 148. What is the hundreds digit of n?
1
Let s(y) = -3*y - 35. Let n be s(-13). What is the hundreds digit of (3 - (8 - n)) + (-187)/(-1)?
1
Suppose 5*r + 29 = 124. Let t = r + -18. What is the tens digit of (12*(1 - (-3 - 4)))/t?
9
Let z(x) = -x**3 + 10*x**2 - 3*x + 32. Let u be z(10). Suppose -u*s = -4*v + 16, v - s = 3*v. What is the tens digit of (-5*(-15)/v)/(2/4)?
7
Let t be (2 - (-8 + 8))/(2/277). Let x = 316 - t. What is the tens digit of x?
3
Let o(t) = 10*t - 124. Let m(n) = -2*n - 2*n + 8*n - 62 + n. Let p(x) = 9*m(x) - 4*o(x). What is the tens digit of p(18)?
2
Suppose -7*z + 2*z = -3*z. Suppose t + f - 21 = -2*f, -4*t + 4*f + 20 = z. What is the tens digit of -3*2/t + 346/6?
5
Let u(q) = -q**3 + 9*q**2 - q + 53. Let z be u(12). Let k = z - -1417. What is the hundreds digit of k?
0
Suppose 1070051 = 73*l + 209063 - 460458. What is the tens digit of l?
0
Suppose 3*l + 35*b - 40*b = 9052, -3*l = -b - 9032. What is the thousands digit of l?
3
Let u(d) = -4*d - 61. Let g(z) = -2*z - 31. Let r(x) = 11*g(x) - 6*u(x). Let l(o) = -o**3 + 14*o**2. Let j be l(14). What is the tens digit of r(j)?
2
Let m be 0*(-1 + 3)*7/(-14). Suppose -3*x - z - 75 = 2, m = x - 4*z + 17. Let p(i) = -i + 34. What is the tens digit of p(x)?
5
Let w be ((-19)/3 - -3)/((-18)/(-27)). What is the hundreds digit of -4 + 4 + (707 - w)?
7
Suppose 0 = -3*u - 2*n + 1999, 3*u + 5*n = 10*n + 1985. What is the units digit of u?
5
Suppose -27*q + 2340 = 9*q. Suppose v + q = 1303. What is the units digit of v?
8
Suppose -m + 1 = 0, m = i - 34107 - 15501. What is the hundreds digit of i?
6
Let x = 39 + -37. Suppose q - 1251 = -x*r, -r + q + 229 = -398. What is the units digit of r?
6
Suppose -13*q = 23*q - 2915856. What is the ten thousands digit of q?
8
Suppose -336 = -3*a + 3*d, -2*a - 3*a - 5*d = -550. Let r(u) = 5*u - 121. Let m be r(38). Let p = a - m. What is the units digit of p?
2
Let b(t) = 9*t + 91 + 6*t - 21*t + 0*t. Let h be b(15). Let y(w) = 191*w**3 - 2*w**2 + w + 1. What is the tens digit of y(h)?
9
Let a(s) = -s**2 + 11*s + 60. Let f be a(15). Suppose f = -4*p + 7*p - 567. What is the hundreds digit of p?
1
Let w be (12/(-9))/(-2)*21. Let t(d) = 47*d**2 + 30*d**2 - w*d**2 + 2*d + 1. What is the units digit of t(1)?
6
Suppose -5498 - 31297 = -2*c - 3*c. What is the hundreds digit of c?
3
Suppose 0*v + 2*v + 2 = -3*s, 4*v = 3*s + 14. Let l be (5/((-165)/42 + 4))/v. What is the hundreds digit of 4/(-10) - (-6244)/l?
1
Let k = 677 + -641. Suppose -48809 = -k*c - 2009. What is the hundreds digit of c?
3
Let s be (1 - 3/(-15))*(151 + 4). Suppose 0 = -f + 4*g + s, -5*f + 2*g + 495 = -381. What is the hundreds digit of f?
1
Let x(w) = 2*w - 17. Let q = -44 + 54. Let s be x(q). What is the units digit of s - (-1 + 4/(-2))?
6
Suppose 238865 = -103*x + 1510400. What is the hundreds digit of x?
3
What is the tens digit of ((-156240)/6)/(-3) + 0 + 2?
8
Suppose q = 3*m + 460, -5*m - 3*q - 776 = -0*q. Let s = 59 - m. What is the units digit of s?
3
Let u(f) = f**3 + 22*f**2 + 3. Let z be u(-22). Let x be -1 + (z - (4 - 0)). What is the units digit of 4550/126 - x/(-18)?
6
Suppose 18*w - 76918 = 16214. What is the units digit of w?
4
Let n(f) = 168*f**2 + 87*f + 45. What is the thousands digit of n(-7)?
7
Suppose 60*c = -3*c + 687519. What is the ten thousands digit of c?
1
Let d = 9301 + 6461. What is the tens digit of d?
6
Suppose -70*b + 1229363 = 54*b - 406569. What is the ten thousands digit of b?
1
Suppose -16 = 4*o + 8. Let t(b) = 12*b**2 + 10*b + 19. What is the units digit of t(o)?
1
Let r(l) = 2*l + 7. Let b(f) = 5*f + 13. Let g(z) = -3*b(z) + 7*r(z). Let y be -9*20/(-15) - (-12)/(-4). What is the units digit of g(y)?
1
Suppose -4*z = -583 - 1113. Suppose z = 3*q + 5*x, -4*q + 5*x + 264 + 278 = 0. What is the hundreds digit of q?
1
Suppose -6*s = -2*s - 20. Let u be s - (-2)/7*(-6 + -1). Suppose 0 = 5*t - j - u*j - 672, 2*t + 3*j = 278. What is the tens digit of t?
3
Let s be 12/4 + (-4 - (-10 + -1)). Suppose 29 = -s*i - 1631. Let k = 289 + i. What is the units digit of k?
3
What is the thousands digit of (-49)/(-49)*(9416 + -2)?
9
Let z(h) = h**3 - 6 - 8*h**2 - 9*h**2 + 31*h - 11*h**2 + 2*h**2. Let x = -730 + 755. What is the hundreds digit of z(x)?
1
Let m(l) = -17*l**3 + l**2 + 3*l - 3. Let n be m(1). Let w be (4/(n/6))/(3/(-8)). Suppose -r = -w*c - 53, 6*c + 54 = r + c. What is the tens digit of r?
4
Let n = -38335 + 99921. What is the ten thousands digit of n?
6
Let f(l) = 151*l**2 + 126*l + 45. What is the ten thousands digit of f(8)?
1
Let m(f) = 18537*f**2 - 14*f - 13. What is the thousands digit of m(-1)?
8
Suppose -90 = -20*w - 10. Suppose -426 = -7*n + w*n. What is the hundreds digit of n?
1
Let b(u) = -2*u**2 - 8*u + 4. Suppose -5*x - 5*n = -15, -2*x + 13 = x + n. Let h be b(x). Let m = h - -121. What is the tens digit of m?
3
Suppose -2*j + 11489 = -36*a + 41*a, 0 = -3*a + 27. What is the hundreds digit of j?
7
Let w = 14889 - 13525. What i